 - 5. Let y be i(-3). Suppose -2*o - 2 = 0, y = -3*x + 5*o - 2 + 7. Determine v(x).
-3
Let g = -126 - -125. Let o(b) be the first derivative of b**4 - b + 1. Calculate o(g).
-5
Let k(q) = 30 - 285*q - 27 + 287*q. What is k(5)?
13
Let m(k) be the second derivative of -k**4/4 - k**3/6 - 5*k. Let h(u) = -u**2. Let i = -3 + 2. Let w(f) = i*m(f) - h(f). Give w(1).
5
Let v be 4 - (-2)/(1 + 1). Let c(w) = 1 + w**3 + 0 + 115*w**2 - 121*w**2 - 7 + 6*w. Give c(v).
-1
Let m(c) = -11*c**2 - 8*c + 47. Let j = -10 - -18. Let h(f) = 7*f**2 + 5*f - 31. Let q(y) = j*h(y) + 5*m(y). Determine q(0).
-13
Let v(m) = m**3 + 5*m**2 - 5*m + 8. Suppose -40 = -c - 7*c. Let j(q) = -q**3 + 6*q**2 - 9*q + 14. Let p be j(c). What is v(p)?
2
Let l(i) = -i**3 - 8*i**2 + 5. Suppose 0 = y + 518 + 28. Let h be (2/3)/((-28)/y). Suppose -4*c - v - 27 = 0, 3*c - 2*c = v - h. What is l(c)?
5
Let t(z) = -z**3 - 2*z**2 - 2. Let m be t(-3). Let w(g) = -25*g**2 + 10*g - 1. Let p(b) = -9*b**2 + 3*b. Let f(v) = 11*p(v) - 4*w(v). Determine f(m).
4
Let l be (-3)/((-3)/2*1). Suppose -l*h = -2 - 6. Let f(n) = h*n + 4*n - 2*n - 5*n + 5. Calculate f(6).
11
Let j = -137 + 139. Let g(a) = 13 - 12 - j - a. Determine g(-5).
4
Let n(f) = -f**2 - 53 + 3*f - 102 + 155. Suppose 3*u - 3*v = 6, -2*u - 5 + 13 = 2*v. Determine n(u).
0
Let p(r) = -44*r + 48*r + 0*r**2 + r**2 - 1. Give p(-8).
31
Let d(n) = -3*n - 30. Let r(t) = -3*t - 31. Let z(o) = -6*d(o) + 7*r(o). Let f be z(-12). Let k(a) = -15*a**3 - 2*a**2 + 1. What is k(f)?
14
Let s be (8/6)/((-6)/9) - 4. Let c = s + 2. Let g(i) = i + 4. What is g(c)?
0
Let i(d) = d - 2. Let t(u) be the third derivative of 3*u**2 + 1/6*u**4 + 0*u + 1/60*u**5 - 7/6*u**3 + 0. Let v be t(-5). What is i(v)?
-4
Let b(y) = -y - 3. Let m(a) = a**3 - 8*a**2 + 3*a - 14. Let n be m(8). Suppose 7*s + 15 = n*s. Give b(s).
-8
Let k(w) be the third derivative of w**5/30 - 19*w**4/24 + 10*w**3/3 + 63*w**2. Calculate k(9).
11
Let l = 6 - -3. Suppose l = 12*u - 9*u. Let q(n) = n - 5. Let d(x) = 1. Let f(b) = u*d(b) + q(b). Determine f(-3).
-5
Let t(x) = 4*x + 12. Let z(c) = c + 4. Let w(m) = -2*t(m) + 7*z(m). Let j be w(3). Let r(p) = 8*p + 3*p**2 - j - 2 - 2 - p**3 - 3*p. Calculate r(4).
-1
Suppose -3*n + n + 12 = 0. Let m(z) = 10*z**3 - 8*z**2 - 25*z - 36. Let y(p) = -3*p**3 + 3*p**2 + 8*p + 11. Let k(l) = -2*m(l) - 7*y(l). Give k(n).
-5
Let c(w) = -4*w + 13*w**2 + 35 - 33 - 13*w**2 - w**3. Give c(3).
-37
Suppose 3*z - 1 = -3*g + 5*g, 5 = 5*z - 5*g. Let y = z + 1. Suppose y = 5*c - 4*c + 2*x, -12 = -3*c - 2*x. Let d(m) = m**3 - 5*m**2 - 5*m - 1. Give d(c).
5
Let f(t) = t - 1. Let m be -3 + (-6)/((-5)/(20/6)). Let q(g) = -7*g + 23. Let c(n) = m*q(n) + 6*f(n). Give c(0).
17
Let i = 1274 - 1272. Let w(a) = -a**3 - a - 2. Determine w(i).
-12
Suppose 626 = 81*d - 994. Let w(n) = -n**2 + 21*n - 28. What is w(d)?
-8
Let u(t) = 12*t - 11. Let c be u(-2). Let k be (c/25)/(5/25). Let m(p) = -3*p - 7. Calculate m(k).
14
Let u = -1979 + 1983. Let g(f) = f**3 - 5*f**2 - f - 1. Give g(u).
-21
Let j(q) be the first derivative of -q**5/20 - q**4/3 - 2*q**2 - 38*q - 29. Let p(w) be the first derivative of j(w). Calculate p(-4).
-4
Let d(w) = 8*w**2 - 14*w. Let h(f) = 5*f**2 - 13*f. Let r(x) = -2*d(x) + 3*h(x). Determine r(-7).
28
Let f = 12 - 52. Let v be f/(-15)*(-6)/(-4). Let p(x) = -5 + 2*x - 4*x + 0 + v. Calculate p(2).
-5
Let c(r) = 5*r**2 - r. Let d(o) = 48*o - 5 - 29*o - 18*o. Let m be (1*-1)/((-1)/4). Let w be d(m). Determine c(w).
6
Let v(m) = -8*m - 8. Suppose -17 = -3*n + 4*f, n - 17 = -n - 3*f. Let i(p) = 4*p + 5. Let q(h) = n*i(h) + 4*v(h). Give q(6).
-21
Let l(h) = h + 4. Let g be l(-2). Suppose o + g*o + 13 = -4*b, 3*b = 4*o + 34. Let d(p) = 2*p**3 + 8*p**2 + 9*p - p**3 + p + 1 - 3*p. Give d(o).
1
Let b(k) = 10*k. Let m(w) = 4*w + 1. Let f(i) = -b(i) + 3*m(i). What is f(7)?
17
Let u be 1/(-4) - (7 - (-48)/64). Let j(r) = r**3 + 8*r**2 + 5*r - 3. Give j(u).
-43
Suppose 3*b + 45 = -5*s + 10, 4*s + 5*b + 28 = 0. Let g(r) = 2*r**2 + 10*r + 6. Calculate g(s).
34
Let c(h) be the second derivative of h**3/6 - 2*h**2 + 6*h + 11. Calculate c(2).
-2
Let q(j) = -2*j - 5. Let p = -1 - 2. Let s be q(p). Let g(n) = 0 + n - n**2 + 2*n**2 + s - 4*n. Calculate g(2).
-1
Let v(d) = d**3 - d**2 - 3*d - 4. Let t be -2 + 0 + 1/((-6)/(-30)). Give v(t).
5
Suppose -9*d = -20*d - 11. Let h(b) = -10*b - 10. Calculate h(d).
0
Let f(v) be the third derivative of v**5/60 + 7*v**4/24 + 5*v**3/6 + 204*v**2. Give f(-2).
-5
Let g(b) = -b**3 - 4*b**2 - 7*b - 7. Let w be g(-3). Suppose -4*t + w*m - 32 = -t, 0 = -t + 2*m - 12. Let o(d) = d**2 - 2. What is o(t)?
14
Let y(c) be the second derivative of -3*c**5/20 + c**4/6 + c**3/3 + c**2 + 26*c - 2. Determine y(-2).
30
Suppose 4*s - 3*s + 7 = 0. Let w(f) = -3*f**3 + 9*f**2 - 7*f - 8. Let v(b) = b**3 - 5*b**2 + 3*b + 5. Let i(u) = 5*v(u) + 2*w(u). Calculate i(s).
2
Suppose 5*b = 0, -5*b = -4*g - 10*b + 16. Let y(x) = x**3 - 3*x**2 - 4*x + 4. Determine y(g).
4
Let v(o) be the third derivative of 0*o - 1/60*o**5 - 29*o**2 + 4/3*o**3 - 5/24*o**4 + 0. Determine v(-7).
-6
Let v(h) = -36*h - 2. Let d(y) = -8*y. Let q(w) = -3*d(w) + v(w). Calculate q(3).
-38
Let t(m) = -4*m**2 + 3*m + 5. Let g(i) = 5*i**2 - 3*i - 4. Suppose 0 = -4*r - 12 + 28. Let d(s) = r*t(s) + 3*g(s). Determine d(6).
-10
Let w be 13 + 3 + -7 - (-3 - -14). Let l(u) = 5*u**2 + 4*u. Let i(t) = t**2 + t. Let c(b) = -6*i(b) + l(b). Determine c(w).
0
Suppose 3*b - 11 = 7. Suppose -5*v - 3*c + 22 = 0, 3*c = 2*v - b*v + 17. Let o(l) be the second derivative of l**3/6 - l**2 + 15*l. Calculate o(v).
3
Let y(g) = 2*g + 6. Suppose -5*w + 0*w - 4*h + 6 = 0, -13 = -4*w + 5*h. Let a(k) = k**3 - 5*k**2 + 5*k - 5. Let n be a(w). Calculate y(n).
-8
Let z be ((-8)/4)/(-2) - -77. Let x be z/65*(-10)/(-3). Let i(q) = -q**2 + 7 + 5*q - 3 - 1. Determine i(x).
7
Suppose -9*k = -0*k - 117. Suppose 0 = 3*w + 34 - k. Let j(u) = u + 10. Calculate j(w).
3
Let v(s) = -2*s - 18. Let q = 453 + -465. What is v(q)?
6
Let w be (-2)/2*2*-9. Let u = w - 15. Let f(c) = 20 - 2*c + 0*c + u*c - 8. What is f(-5)?
7
Let w(z) = 1 + 1 - 4*z**2 - 3 - 3*z - 1. Determine w(-1).
-3
Let f(m) = -m**2 + m. Let l(a) = -10 - 3 + 17 - 5*a**2 + a + 2*a. Let q(v) = -4*f(v) + l(v). Give q(0).
4
Let m(r) = r + 3 + 0*r + 7 + 12*r**3 - 11. Let s(f) = -2*f - 3. Let n be s(-2). What is m(n)?
12
Let s be (1 + -1)/(4 + -2 + 0). Suppose s*h - 2*h + 8 = 0, 2*q - 12 = -2*h. Let w(b) = b**3 - 3*b**2 - b - 1. Determine w(q).
-7
Suppose -2*g = p - 5, -4*g + 4*p - 10 = -2. Suppose 5*z + g = 6. Let k(y) = 7*y**2 - 11*y**2 - 1 + 8*y**2. Calculate k(z).
3
Let y(z) = z**2 - 20*z - 19. Let r be y(21). Let q(t) = -8*t**r + 2*t**2 + 3*t + 4*t + 7 + 7*t**2. What is q(-6)?
1
Suppose -11*f + 40 = -15. Let q(j) = j**2 - 3*j + 5. Calculate q(f).
15
Let k be 18/120*15 + 2/(-8). Let f(j) = 6*j - 1. What is f(k)?
11
Let q(n) = 3. Let b(p) = -p + 9. Let a(r) = -2*b(r) + 7*q(r). Let i be 16/160*5*(7 + -1). Calculate a(i).
9
Let n(i) = -i - 1. Let m be 0*((-1)/(-8))/((-3)/(-12)). Determine n(m).
-1
Let c(g) = -g**3 - 7*g**2 + 8*g - 6. Let y be c(-8). Let b(f) = -3*f - 11. Let o be b(y). Let n(w) = -10 - 5*w - w + 2*w**3 + 8*w**2 - 3*w**3. What is n(o)?
-3
Let i be 0 + (-98)/(3 + -5). Let c = i - 49. Let f(m) = -m - 1. Give f(c).
-1
Let n(r) = r - 2*r - r**2 + 0*r**2 - 541 + 547. Calculate n(-5).
-14
Let f(v) = -10*v**2 + 129*v + 12. Let a be f(13). Let m(o) = 5*o**3 - 1 + 3*o**2 - 2*o**2 - 18*o**3. Give m(a).
13
Suppose 2*m - 30 = -3*m. Let b(x) = 1. Let p(z) be the first derivative of z**2/2 - 3*z - 18. Let t(w) = m*b(w) + p(w). What is t(4)?
7
Let t(m) be the third derivative of -m**6/60 + m**5/60 - m**4/24 - m**3/6 + 367*m**2. Determine t(-1).
3
Let r = 18 - 16. Let h(n) = -1 - 8*n - r*n + 13*n - 4*n. Let s(q) = q**2 - 5*q + 4. Let b be s(5). Determine h(b).
-5
Let q(j) = j**2 - 8*j - 12. Let c be q(11). Let g(d) = -3 - 10*d - 13*d + c*d. Calculate g(-4).
5
Let s(t) = 4*t**2 + 6*t + 7. Suppose 18 + 3 = -7*l. Give s(l).
25
Let k(a) be the second derivative of -7*a**3/6 + a**2/2 + 4*a. Suppose 4*i - 72 = -4*f, -5*i + 3*i + 3*f = -16. Let u = -13 + i. Calculate k(u).
-6
Let r(d) = -d**2 + d - 1. Let k(q) = -2*q**2 - 5*q. Let n(s) = -k(s) + r(s). Suppose t + 3 = c + 4, 3*c + 2*t - 22 = 0. Suppos